hat is the thousands digit of q?
5
Let n(p) be the first derivative of -13*p**2 - 41*p - 19. Let r be n(-5). Let v = 138 - r. What is the units digit of v?
9
Let w(u) be the first derivative of -3*u**2/2 + 59*u - 14. Let f be w(18). Suppose b = -f*h + 179, 442 = 3*b - h - 3*h. What is the hundreds digit of b?
1
Let p = -6122 + 8873. What is the units digit of p?
1
What is the units digit of 16 + (8 - 10267)*-1?
5
Suppose -5*v - 2*n + 84037 = 0, -3*v + 3*n - 15673 = -66091. What is the thousands digit of v?
6
Let d(m) = -9*m + 35. Let u be d(14). Let i = u + 93. Suppose -3*n = i*g - 330, -6*n + 668 = 4*g - 2*n. What is the hundreds digit of g?
1
Let q be 141/(-6) + ((-5)/2 - -2). Let o be 3344/40 + q/15 + 2. Suppose s - o = -3*u + 103, -15 = -5*u. What is the tens digit of s?
7
Suppose 1778 = -3*f - 5*u, 3*u = 2*f + 192 + 968. Let i = f + 939. What is the tens digit of i?
5
Let c be (-1 + -639)/((-6)/18*3). Let h = -445 + c. What is the hundreds digit of h?
1
Suppose 0 = -5*n + 11*n - 12. Let o(l) = 1 + 5*l - 5*l + n*l**2 + l. What is the tens digit of o(8)?
3
What is the tens digit of 6/14 - 373680/(-35)?
7
Let q(u) be the third derivative of 341*u**5/60 + 11*u**4/24 - u**3/2 - u**2 + 267*u. What is the units digit of q(-2)?
9
Let u(s) = s**2 + 7*s - 11. Let b be u(-9). Let k be b*(-4)/(-42)*3. Suppose k*g = -7*g + 198. What is the units digit of g?
2
Suppose 15*y + 1058 = 86738. Suppose -38*g = -24*g - y. What is the tens digit of g?
0
Let i = -98 - -103. Suppose i*m - 11*m = -858. What is the units digit of m?
3
Let j(q) = 2 - q - 2*q**2 - 14*q - 3*q**2 + 6*q**2. What is the tens digit of j(-11)?
8
Let s = 6007 + -12358. What is the tens digit of 21/(-49) - s/21?
0
Let s(y) = 641*y + 3275. What is the units digit of s(10)?
5
Let w = 44143 + -29030. What is the thousands digit of w?
5
Let h(g) = 2*g**2 + 9 + 6*g - 7*g**2 + 4*g**2. Let m be h(6). Suppose -m*d - 509 = -1787. What is the hundreds digit of d?
1
Let r = -74 - -80. Suppose -24 = -6*v + r. Suppose 0 = j - 0*j - 4*c - 191, 0 = -v*j + 2*c + 865. What is the units digit of j?
1
Let h(m) = m**2 + 10*m - 826. What is the units digit of h(41)?
5
Let q = 14 - 38. Let u be (-2)/8 + (-303)/q*2. Suppose -u = p + 4*p, 3*b - 283 = -4*p. What is the units digit of b?
1
Let a(o) = -3*o**2 + 19*o + 10. Let h be a(7). What is the hundreds digit of (10 + -8)*(-3126)/h?
5
Let i(h) = 3*h**2 + 11*h + 17. Let r(l) = l**2 - 1. Suppose -2*m + 18 = m. Let k(d) = m*r(d) - i(d). What is the tens digit of k(11)?
1
What is the ten thousands digit of 1*353768/17 - (-20)/170?
2
Let f = 88806 + -43578. What is the hundreds digit of f?
2
Suppose 5*c - 40833 = 3*c + 3*d, 3*c - 61246 = d. What is the ten thousands digit of c?
2
Let l(q) = 105*q**2 + 70*q + 1669. What is the tens digit of l(-21)?
0
Suppose 41983*l + 211618 = 41994*l. What is the tens digit of l?
3
Let z = -6 - 0. Let b(c) = c**2 + 18*c + 18. Let x(w) = w**2 + 19*w + 19. Let j(p) = z*b(p) + 5*x(p). What is the units digit of j(-7)?
9
Let x = -134 + 38. Let v = 284 - x. What is the hundreds digit of v?
3
Let h be (3 - 58/6)*36/(-30). Suppose -h*g + 5120 = 8*g. What is the units digit of g?
0
Suppose 0 = -a - 5, -3*q - 2*a + 12 + 47 = 0. Let r(p) = 25*p + 128. What is the units digit of r(q)?
3
Suppose 10*f - 5*f = -315. Let p = f + 66. Suppose p*t - 145 = 14. What is the tens digit of t?
5
Suppose 216 = -8*k - 10*k. What is the hundreds digit of (-2)/8 - 2187/k?
1
Suppose -3*c + 4*d = 2*d - 2334, -5*d = 3*c - 2376. What is the tens digit of c?
8
Let m = 300 + -430. Let d be -2*(-2)/(-26) - 24720/m. Let w = -133 + d. What is the units digit of w?
7
Suppose 3*d - 77 = o, -2*d + 5*o + 135 = 3*d. Let h be (6/((-60)/d))/((-1)/2). Suppose 5 = -3*a - h*k + 82, a - k = 31. What is the units digit of a?
9
Let t(o) be the second derivative of -o**5/20 + 3*o**4/4 + 17*o**3/6 - 8*o**2 - 2*o. Suppose 84*v = 37*v + 28*v + 171. What is the hundreds digit of t(v)?
1
Suppose -2*t + 7 = 15. Let b(s) = s + 6. Let v be b(t). Suppose 3*g - 63 + 332 = 5*o, v*g = 5*o - 266. What is the tens digit of o?
5
Let v(f) = f**2 + 7*f + 6. Let q be v(-7). What is the tens digit of (-13)/26 + 3867/q?
4
Suppose 3*m = 44*m - 595074. Suppose -37*j + 41578 + m = 0. What is the thousands digit of j?
1
Let f(o) = 2497*o**2 + 3*o + 35. What is the tens digit of f(-2)?
1
Let x be (1/(-4))/(15/(-180)). Suppose 0 = 3*m + x, -9*i + 7*i = m - 333. What is the hundreds digit of i?
1
Let x(a) = -4*a + 30. Let s be x(8). Let n be (-10)/(-4) + (-5)/20*s. Suppose 222 = 5*d - n*d. What is the tens digit of d?
1
Let i(b) = 4*b**2 - 4*b + 3. Suppose 5*n - 13 = 2. Let x be i(n). Let z = x + 16. What is the tens digit of z?
4
Let b = -354 - -3383. Suppose 18*t - b = -365. What is the units digit of t?
8
Let l(b) = 16*b + 53. Let p be l(-3). Suppose 9 + 2756 = 4*g - p*a, -3*g = -3*a - 2076. What is the units digit of g?
5
Suppose 32 = -36*u - 4. Let g(s) = -164*s - 2. Let k(r) = -r. Let p(n) = g(n) - 3*k(n). What is the tens digit of p(u)?
5
What is the hundreds digit of 12 + 3 + -14 - -7790?
7
Let x(r) = 40*r**2 + 4*r - 43. What is the hundreds digit of x(-11)?
7
Let o = -219 + 248. Suppose o*z = 33*z - 3052. What is the hundreds digit of z?
7
Suppose -17*w = 4*d - 19*w, -5*d = -w - 6. Suppose d*r - 9*s - 594 = -6*s, -4*s = r - 286. What is the hundreds digit of r?
2
Let h be (51/(-6) - 4)*(-72)/(-15). Let p = h + 64. Suppose 0*o + q - 254 = -3*o, 0 = p*o + 2*q - 338. What is the tens digit of o?
8
Let b(y) = -2*y**3 - 4*y**2 - 2*y. Let p be b(-2). Suppose 599 = p*h - 2*k - 647, h + 3*k - 315 = 0. What is the hundreds digit of h?
3
Let x(o) be the first derivative of -o**4/4 - o**3/3 - o**2 + 370*o + 55. What is the units digit of x(0)?
0
Suppose 39*r - 118020 = -27*r - 18*r. What is the thousands digit of r?
1
Suppose 0 = -20*m + 15*m + 30. Let j be 2/m*84/2. What is the units digit of j*16/(4 + 0)?
6
Suppose 39 - 15 = 6*m. Suppose -4*o + 1016 = m*o. Let r = 202 - o. What is the units digit of r?
5
Suppose -3*i - 608 = -z, -3*z + 622 = -2*z + 4*i. Suppose z = 2*o + 132. What is the tens digit of o?
4
Let l(c) = -c + 8. Let k = 255 + -150. Suppose -8*s = -13*s - k. What is the tens digit of l(s)?
2
Let d = -8046 + 12758. Suppose 11*v + 4*m = 7*v + d, 3*v = -5*m + 3540. What is the hundreds digit of v?
1
Let v(u) = -7*u**2 - 3*u**2 + 2 + 40*u**2 + 4*u. Let d be v(-3). Suppose 0 = 5*y + 4*f - d, -y - 4*f + 0*f + 36 = 0. What is the units digit of y?
6
Suppose 0 = 160*q - 1261127 - 9928473. What is the units digit of q?
5
Suppose b - 30300 = -24*b. What is the tens digit of b + (48/8 - -1)?
1
Let l be (-2537)/(-5) + ((-120)/50 - -2). What is the tens digit of l + (-4)/(-2) + -1?
0
Let a(i) = i**3 + 34*i**2 + 18*i + 226. What is the units digit of a(-28)?
6
Let o = -184 + 189. Suppose o*q - 5 = 0, -5*s - 2*q = -3*s - 760. What is the tens digit of s?
7
Let q = -60 + 59. Let w be (-7748)/(-36) - q/((-36)/8). Let c = -111 + w. What is the hundreds digit of c?
1
Let s = 202 - 234. Let i = 242 - s. What is the units digit of i?
4
Suppose 2*x = 4*z - 56, -2*x + 13 = 5*z - 39. Let o = z - 21. What is the tens digit of 303/21 - (o/(-21) - 0)?
1
Let c = 495 + -487. What is the units digit of 8/384*12 - (-11246)/c?
6
Let j = -14058 - -25882. What is the ten thousands digit of j?
1
Suppose 0 = 105*x - 23*x + 102*x - 13337976. What is the ten thousands digit of x?
7
Let w = 294 - 300. What is the units digit of (3/w*13)/((-9)/234)?
9
Suppose -12 = 4*p - 24. Suppose p*r - 2417 + 274 = -5*j, -4*r - 2*j + 2848 = 0. What is the tens digit of r?
1
Suppose -s - 4*n = -61, 0*s + n - 94 = -2*s. Suppose 0 = -s*k + 43*k + 3680. Suppose 12*z + 4*z = k. What is the tens digit of z?
1
Let d(i) = i**3 - 8*i**2 + 11*i - 12. Let y be d(7). What is the hundreds digit of 90/y*(-10)/3*-8?
1
Let y(h) = -192*h - 69. Suppose 6*i = 28*i + 110. What is the units digit of y(i)?
1
Let m = -381 - -5565. What is the tens digit of m?
8
Let v = 221 + -194. Suppose h - 7896 = -v*h. What is the units digit of h?
2
Suppose 365 + 2533 = -9*m. What is the units digit of (m/5)/(2/60*-3)?
4
Suppose 4662 + 1095 = -3*h. Let m be ((-4)/5)/(3 + h/640). What is the units digit of m/48*54/(-4)?
4
Let p be (2/6)/(2/30). Suppose 0*o - 3*o + a + 20 = 0, 3*a = -